3*i + 2*k - 361 = 0. What are the prime factors of i?
3, 41
Suppose 3*d - 348 = -4*j, -j - 3*d = -4*d - 80. Suppose 3*m = j + 21. Suppose -b + 2*b - 11 = -2*k, 3*b + 4*k - m = 0. List the prime factors of b.
13
List the prime factors of (-358)/(-14) + (-24)/42.
5
Suppose 4452 = -4*w + 18*w. List the prime factors of w.
2, 3, 53
Let c(n) = -n**3 + 7*n**2 + 2*n - 8. What are the prime factors of c(7)?
2, 3
Let i(h) = -h**3 + 9*h**2 - 6*h - 9. Suppose -4*v = -3*v + 5. Let g = 13 + v. What are the prime factors of i(g)?
7
Suppose -3*n = t - 58, 4*n = -t - 2*t + 84. Suppose -4*z - f + 36 = -5*f, f + 21 = 4*z. Suppose -6 = -z*a + n. What are the prime factors of a?
2, 3
What are the prime factors of 658/35 - 1/(-5)?
19
Suppose -v = -4*i + 7*i + 27, v = 0. Suppose 9 = 5*m - 4*y - 6, -4*m + 12 = 4*y. List the prime factors of (-3)/i*m - -3.
2
Suppose 34 = q - 10. What are the prime factors of q?
2, 11
Let k be 8/28*(6 - -1). Suppose r - k = -1. What are the prime factors of (-2 + 2 - r) + 8?
7
Let q = -10 - -16. List the prime factors of q.
2, 3
Suppose -93 = -2*d + 51. What are the prime factors of d?
2, 3
Let d(f) = 2*f**2 + 8*f + 3. Let j be d(-8). Let u = j - 40. What are the prime factors of u?
3
Suppose -4*t = 5*k - 21, -5*t + k = -k - 18. Suppose -t*l = -l - 96. Suppose -9 - 7 = -q + 5*c, 2*q = 4*c + l. List the prime factors of q.
2
Suppose 6*l = l + 1290. What are the prime factors of l?
2, 3, 43
Suppose 30*r = 33*r - 492. What are the prime factors of r?
2, 41
Suppose 0 = -q - y + 19, 0*q + 140 = 5*q - 4*y. What are the prime factors of q?
2, 3
Let t(x) = -x**3 + 6*x**2 + 8*x + 11. What are the prime factors of t(7)?
2, 3
Let m be (-2)/5 + 364/10. Suppose 0*d = 3*d - m. List the prime factors of d.
2, 3
Let z be ((-2)/5)/(1/5). Let v = 1 - z. Suppose -3*s + 9*h - 4 = 4*h, -3*s + v*h + 6 = 0. What are the prime factors of s?
7
Let h = 9 + -3. Suppose 3*u + 0*u - h = 0. List the prime factors of u.
2
Let m = 89 - 62. Let k = m + -10. List the prime factors of k.
17
Suppose k - 125 = 16. Let l be 4/(-18) - k/(-27). Suppose 2*t - 37 = -0*t + l*a, -5*t + 5*a + 55 = 0. What are the prime factors of t?
2, 3
Let a = -7 + 4. List the prime factors of (-3*3)/(a/2).
2, 3
Let x(a) = a**3 + 7*a**2 + 4. Let j be x(-7). Suppose 0 = j*c - 5*c + 15. Suppose 2*t - 1 = c. List the prime factors of t.
2
Let t = 7 - 4. Suppose -5*a = -5, -t*c - c + 23 = -a. What are the prime factors of c?
2, 3
Suppose 214 + 60 = 2*c. List the prime factors of c.
137
Let i(h) = -h**3 - 2*h**2 - 2*h - 2. Let x be i(-2). Suppose -3*l + x*l = -1. Let w = 1 + l. What are the prime factors of w?
2
Let y be (0/(-15))/(1 + 0). Let v(o) = o**3 - 4*o**2 + 3*o + 4. Let w be v(3). Suppose 3*k = -3*r + 48, y = k + w*r - 30 + 8. List the prime factors of k.
2, 7
Suppose 3 = 3*z + 2*x, x + 6 = 4*z + 3*x. Let q(b) = 9 + 3*b - z*b + b. What are the prime factors of q(-6)?
3
Let u(b) = 4*b**2 + 5*b + 3. What are the prime factors of u(5)?
2
Let v(q) = -5*q - 4. List the prime factors of v(-4).
2
Suppose 6*x - 5*d - 210 = x, -2*d = -6. What are the prime factors of x?
3, 5
What are the prime factors of -1 + -1 + 11 + 2?
11
Suppose n = -4*b + 26 + 28, 0 = -3*n + 2*b + 92. List the prime factors of n.
2, 17
Let q(s) = s**3 + 0*s**3 + 5*s**2 - 2*s**3 + 6 - 6*s. Let d be q(4). List the prime factors of 2 - 2 - (d + -1).
3
Suppose -t = 33 - 260. What are the prime factors of t?
227
Suppose -s = s - 4, -16 = -4*b + 2*s. Suppose -3*c = -1 - b. What are the prime factors of (8/c)/(-1 - -2)?
2
Let l(k) = -k - 3. Let v be l(-11). Let p = 10 - v. List the prime factors of p.
2
Let q(l) = -l**3 - 4*l**2 - 2*l - 2. Let a be q(-3). Let d(t) = -t**2 - 5*t - 2. Let k be d(a). Let b = 0 - k. List the prime factors of b.
2
Let s be 0/(2 - 1 - 3). Suppose -4*r - 4*t - 32 = -s*t, -3*t = -r - 12. Let q = 4 - r. What are the prime factors of q?
13
Suppose 0 = -16*u + 20*u - 556. What are the prime factors of u?
139
Let r(g) = -g**3 - 2*g**2 - 4*g - 2. List the prime factors of r(-2).
2, 3
Let r(j) = 0 - 2*j - 1 + 5*j. Let d be (-46)/(-14) + 2/(-7). What are the prime factors of r(d)?
2
Suppose 9*u + 294 = 1563. List the prime factors of u.
3, 47
Suppose 0 = t + 2, -4*h - 5*t + 7 = -15. What are the prime factors of h?
2
Let i(x) = -x**3 + 4*x**2 + 3. Suppose 3*f - 3*q = -2*f + 5, 0 = -5*q + 25. Let v be i(f). Suppose -5*n + 6 = -v*n. What are the prime factors of n?
3
Let x = 488 - 344. List the prime factors of x.
2, 3
What are the prime factors of (-6)/15*-1*65?
2, 13
Let w(c) = 2*c**3 - 4*c**2 + 2*c + 2. Let u be w(2). Let n(y) = -y**3 + 7*y**2 - 2*y + 1. List the prime factors of n(u).
5
Let s be ((-2)/(-1) - 2)/(-1). Suppose -4*o + 3*r + 4 = 0, o + 4*o - r + 6 = s. Let k(z) = -5*z - 3. What are the prime factors of k(o)?
7
Let c(g) = 2*g. Let y be c(1). Suppose -3*n + 3 = 7*t - y*t, 4*n - 4 = t. Let q = t - -5. List the prime factors of q.
5
Let g(t) = -66*t + 13. List the prime factors of g(-4).
277
Suppose 5*j + 0*j = 0. Suppose -23 = -3*k + 3*b - 2, j = -4*k - 5*b + 28. What are the prime factors of k?
7
What are the prime factors of (-2)/6 + 1852/12?
2, 7, 11
Suppose -3*p + 714 = 3*p. What are the prime factors of p?
7, 17
Suppose 0 = 3*h - 3*r - 12 + 33, 3*r + 11 = -h. Let c = -22 - -19. Let f = c - h. List the prime factors of f.
5
Let k(j) = j**2 + 6*j + 1. Let m be k(-5). Let o be (-1368)/(-264) + 4/(-22). Let q = o - m. List the prime factors of q.
3
Suppose 4*t = -146 + 702. Suppose -3*a + 41 = -t. Suppose -2*u - 3*u + a = 0. What are the prime factors of u?
2, 3
Let p = 50 - -4. List the prime factors of p.
2, 3
Suppose -3*x = -4*a - 1, 0 = 2*x + a + a - 24. Let o be 30/(-285) + (-21)/(-19). Let q = x - o. What are the prime factors of q?
2, 3
Suppose -s + 15 = 4*s. Suppose 0 = 5*t - 4*u - 16, -5*t + 3*u = -6 - 11. Suppose s*b - 27 = -5*q, 3*q - 20 = -q - t*b. List the prime factors of q.
2, 3
Let z be -1 - (-2 - -1)/1. Suppose z = -3*l + b + 26, -30 = l - 4*l - 3*b. Let c = l - 4. List the prime factors of c.
5
Let l = 50 + 11. List the prime factors of l.
61
Suppose 70 = 3*r + 2*i, -3*r + 0*r = 3*i - 69. List the prime factors of r.
2, 3
Let h(l) = l**3 - 8*l**2 + 23*l - 3. List the prime factors of h(6).
3, 7
Suppose -2*j = 103 - 215. What are the prime factors of j?
2, 7
Let g = 100 - 26. List the prime factors of g.
2, 37
List the prime factors of (-1)/(-9) - (-2 + 5974/(-18)).
2, 167
Suppose -3*m + 0*q = q + 33, -46 = 4*m + 2*q. Let w(f) = -f**3 - 9*f**2 + 8*f + 14. List the prime factors of w(m).
2, 17
Let b(v) = -2*v**2 - 2 + 6*v - 3*v**2 + v**3 - v + 0*v**2. Let m be b(4). What are the prime factors of 1*14 + 6/m?
17
Let d be (12/(-10))/(4/20). Let r = d - -11. Suppose 0 = 4*z - 2*z + o - 5, o + 30 = r*z. What are the prime factors of z?
5
Suppose 2*p + 50 = p. Let f = 102 + p. What are the prime factors of f?
2, 13
Suppose -2*c + 0*c + 24 = 4*g, -5*g + 40 = 5*c. Let d be -2*((-6)/g + -1). Let v = d - 2. List the prime factors of v.
3
Suppose 45 = 4*x - 7*x. Let u = x + 18. List the prime factors of u.
3
Suppose -4*o - 2*f = 2*f + 16, -2*o - 10 = 3*f. List the prime factors of o/(1*3/(-12)).
2
Let c = 65 + -45. List the prime factors of c.
2, 5
Suppose 3*c = 2*k + 4, 3*k = c - 3*c - 6. Suppose c = 4*v - 25 - 75. What are the prime factors of v?
5
Let g = 5 - 5. Suppose 3*h = -g*h + 30. List the prime factors of h.
2, 5
Let u(k) = -3*k. Let a be u(-2). Suppose 5*h - 2 + 12 = 0. Let g = h + a. List the prime factors of g.
2
Let z = -47 - -55. What are the prime factors of z?
2
Suppose -4*g + 158 - 38 = 0. List the prime factors of g.
2, 3, 5
Suppose 8*m = -6*m + 1540. List the prime factors of m.
2, 5, 11
Let u(n) = -n**3 + n**2 - 2*n + 1. Let g be u(2). List the prime factors of (-3 - -1)*g + 3.
17
Let f = 118 + -115. What are the prime factors of f?
3
Let q(a) = -22*a + 5. What are the prime factors of q(-7)?
3, 53
Suppose 0 = 3*y - y. Let z(r) = -r**3 + 2*r + 9. What are the prime factors of z(y)?
3
Let c be (2/3)/(4/(-12)). What are the prime factors of 1 + (-62)/(0 + c)?
2
List the prime factors of (125/(-10))/(1/(-2)).
5
Suppose -r - 4*r = -165. What are the prime factors of r?
3, 11
Suppose 0*j + j + 3 = 0. What are the prime factors of (j/(-2))/(9/90)?
3, 5
Suppose 5*i + 55 = 5*s, -